{"id":70,"date":"2019-07-11T07:12:45","date_gmt":"2019-07-11T07:12:45","guid":{"rendered":"http:\/\/blechblaeserworkshop.com\/?page_id=70"},"modified":"2026-04-12T17:23:20","modified_gmt":"2026-04-12T17:23:20","slug":"trausnitz-2019","status":"publish","type":"page","link":"http:\/\/blechblaeserworkshop.com\/?page_id=70","title":{"rendered":"Trausnitz 2026"},"content":{"rendered":"\n<figure class=\"wp-block-image size-large\"><img loading=\"lazy\" decoding=\"async\" width=\"1024\" height=\"682\" src=\"http:\/\/blechblaeserworkshop.com\/wp-content\/uploads\/2019\/11\/photo_m_claus-121-von-148-1024x682.jpg\" alt=\"\" class=\"wp-image-87\" srcset=\"http:\/\/blechblaeserworkshop.com\/wp-content\/uploads\/2019\/11\/photo_m_claus-121-von-148-1024x682.jpg 1024w, http:\/\/blechblaeserworkshop.com\/wp-content\/uploads\/2019\/11\/photo_m_claus-121-von-148-300x200.jpg 300w, http:\/\/blechblaeserworkshop.com\/wp-content\/uploads\/2019\/11\/photo_m_claus-121-von-148-768x511.jpg 768w, http:\/\/blechblaeserworkshop.com\/wp-content\/uploads\/2019\/11\/photo_m_claus-121-von-148-1536x1022.jpg 1536w, http:\/\/blechblaeserworkshop.com\/wp-content\/uploads\/2019\/11\/photo_m_claus-121-von-148-2048x1363.jpg 2048w\" sizes=\"auto, (max-width: 767px) 89vw, (max-width: 1000px) 54vw, (max-width: 1071px) 543px, 580px\" \/><\/figure>\n\n\n\n<figure class=\"wp-block-image\"><img loading=\"lazy\" decoding=\"async\" width=\"1024\" height=\"400\" src=\"http:\/\/blechblaeserworkshop.com\/wp-content\/uploads\/2019\/07\/Blechblaeser_SZ-1024x400.png\" alt=\"\" class=\"wp-image-74\" srcset=\"http:\/\/blechblaeserworkshop.com\/wp-content\/uploads\/2019\/07\/Blechblaeser_SZ-1024x400.png 1024w, http:\/\/blechblaeserworkshop.com\/wp-content\/uploads\/2019\/07\/Blechblaeser_SZ-300x117.png 300w, http:\/\/blechblaeserworkshop.com\/wp-content\/uploads\/2019\/07\/Blechblaeser_SZ-768x300.png 768w\" sizes=\"auto, (max-width: 767px) 89vw, (max-width: 1000px) 54vw, (max-width: 1071px) 543px, 580px\" \/><\/figure>\n\n\n\n<p>Inhalt:<\/p>\n\n\n\n<p>Wir treffen uns<strong>  dieses Jahr wieder <\/strong> auf der<strong> Burg Trausnitz in der Oberpfalz<\/strong>. <\/p>\n\n\n\n<p>diesmal vom<strong>  30.Oktober bis 01.November 2026 <\/strong><\/p>\n\n\n\n<p><\/p>\n\n\n\n<p><strong>JUBIL\u00c4UMSWORKSHOP<\/strong><\/p>\n\n\n\n<p><\/p>\n\n\n\n<p>Wir werden uns am Freitag mittags auf der Burg treffen. Und man glaubt es nicht, dann geht es auch schon los. <\/p>\n\n\n\n<p><\/p>\n\n\n\n<p>Wer Spa\u00df daran hat, mit einen Blechblasinstrument &#8211; angefangen von Trompete \u00fcber Horn und Fl\u00fcgelhorn, bis hin zu den tiefen Blechblasinstrumenten wie Posaune, Tenorhorn\/Bariton  und Tuba &#8211; Musik zu machen, das auch gerne mit anderen zusammen und dabei ein intensives Coaching mit den beiden LaBrassBanda Trompetern Korbi Weber und J\u00f6rg Hartl erfahren m\u00f6chte, ist herzlich eingeladen, an dem Workshop mit uns teilzunehmen. <\/p>\n\n\n\n<p>Ob Anf\u00e4nger, Fortgeschritten, ob im Spielmannszug, der Bigband oder in der Sch\u00fclerband, ob in der Blaskapelle oder im Posaunenchor, wir freuen uns auf Euch. <\/p>\n\n\n\n<p>Intensiv widmen wir uns den klassischen Themen wie Ausdauer, Ansatz, Atmung, Technik, aber auch das Zusammenspiel, Timing und nicht zu vergessen, wir haben immer vor, mit der  entstandenen Band ein St\u00fcck zu komponieren und f\u00fcr uns auch einzustudieren. <\/p>\n\n\n\n<p><\/p>\n\n\n\n<p>Wir sind schon sehr gespannt. So schaut unser Workshopprogramm aus: <\/p>\n\n\n\n<p>Wie gesagt Treffen gegen 15 Uhr auf der Burg Trausnitz in der sch\u00f6nen Oberpfalz &#8211; nicht die Burg Trausnitz in Landshut, die auch sehr sch\u00f6n ist, aber uns nicht als Probelokal zur Verf\u00fcgung steht. <\/p>\n\n\n\n<p>(Sp\u00e4ter kommen ist nat\u00fcrlich kein Problem)<\/p>\n\n\n\n<p>Nach einem Schluck Kaffee und kennenlernen, geht\u00b4s los mit der ersten Session bis zum Abendessen und danach nochmal mit Open End.<\/p>\n\n\n\n<p>Samstag geht es um neun Uhr mit einspielen los, dann spielen wir den ganzen Tag mit Pausen dazwischen. Wir behandeln Basic-Themen wie Luft, Ansto\u00df, H\u00f6he, Ausdauer, Technik, aber vor allem dreht sich alles um Musikalit\u00e4t, Rhythmus, Artikulation und Phrasenbildung in der Musik. Wir komponieren einen Song gemeinsam und sprechen \u00fcber Gef\u00fchl in der Musik. Nach dem Abendessen wieder Session mit Open End.<\/p>\n\n\n\n<p>Am Sonntag gibts eine Wiederholung von dem Ganzen und nach\ndem Mittagessen ist Schluss und jeder kann sein \u00dcbungsheft mit nach Hause\nnehmen und weitermachen. <\/p>\n\n\n\n<p>Kosten f\u00fcr die drei Tage <strong>395\u20ac<\/strong>, darin enthalten<\/p>\n\n\n\n<ul class=\"wp-block-list\">\n<li>\u00dcbernachtung mit Vollpension in der Jugendherberge Trausnitz\/Oberpfalz<\/li>\n<\/ul>\n\n\n\n<ul class=\"wp-block-list\">\n<li>Kursgeb\u00fchr und Unterrichtsmaterial<\/li>\n<\/ul>\n\n\n\n<p>Anmeldung per Mail mit Name, Alter, Instrument und wie lange\ndu schon spielst an:<\/p>\n\n\n\n<p><a href=\"mailto:Anmeldung@blechblaeserworkshop.com\"><strong>Anmeldung@blechblaeserworkshop.com<\/strong><\/a><\/p>\n\n\n\n<p>Wir freuen uns dich begr\u00fc\u00dfen zu d\u00fcrfen.  <\/p>\n\n\n\n<p>J\u00f6rg &amp; Korbi <\/p>\n\n\n\n<p><\/p>\n","protected":false},"excerpt":{"rendered":"<p>Inhalt: Wir treffen uns dieses Jahr wieder auf der Burg Trausnitz in der Oberpfalz. diesmal vom 30.Oktober bis 01.November 2026 JUBIL\u00c4UMSWORKSHOP Wir werden uns am Freitag mittags auf der Burg treffen. Und man glaubt es nicht, dann geht es auch schon los. Wer Spa\u00df daran hat, mit einen Blechblasinstrument &#8211; angefangen von Trompete \u00fcber Horn &hellip; <\/p>\n<p class=\"link-more\"><a href=\"http:\/\/blechblaeserworkshop.com\/?page_id=70\" class=\"more-link\"><span class=\"screen-reader-text\">\u201eTrausnitz 2026\u201c<\/span> weiterlesen<\/a><\/p>\n","protected":false},"author":1,"featured_media":0,"parent":0,"menu_order":0,"comment_status":"closed","ping_status":"closed","template":"","meta":{"footnotes":""},"class_list":["post-70","page","type-page","status-publish","hentry"],"_links":{"self":[{"href":"http:\/\/blechblaeserworkshop.com\/index.php?rest_route=\/wp\/v2\/pages\/70","targetHints":{"allow":["GET"]}}],"collection":[{"href":"http:\/\/blechblaeserworkshop.com\/index.php?rest_route=\/wp\/v2\/pages"}],"about":[{"href":"http:\/\/blechblaeserworkshop.com\/index.php?rest_route=\/wp\/v2\/types\/page"}],"author":[{"embeddable":true,"href":"http:\/\/blechblaeserworkshop.com\/index.php?rest_route=\/wp\/v2\/users\/1"}],"replies":[{"embeddable":true,"href":"http:\/\/blechblaeserworkshop.com\/index.php?rest_route=%2Fwp%2Fv2%2Fcomments&post=70"}],"version-history":[{"count":18,"href":"http:\/\/blechblaeserworkshop.com\/index.php?rest_route=\/wp\/v2\/pages\/70\/revisions"}],"predecessor-version":[{"id":222,"href":"http:\/\/blechblaeserworkshop.com\/index.php?rest_route=\/wp\/v2\/pages\/70\/revisions\/222"}],"wp:attachment":[{"href":"http:\/\/blechblaeserworkshop.com\/index.php?rest_route=%2Fwp%2Fv2%2Fmedia&parent=70"}],"curies":[{"name":"wp","href":"https:\/\/api.w.org\/{rel}","templated":true}]}}